se 313 - 97 = -2*y. Let u be y/(-10)*(-210)/(-28). Calculate the greatest common divisor of 9 and u.
9
Suppose v = 3*d + 17, -5*d - 10 = 5*v - d. Suppose 2*a = -3*x + 26, -x + v*x - 12 = a. Calculate the greatest common factor of 10 and x.
10
Let q(g) = g**2 - g + 2. Suppose 5*o - 20 = -v + 8, 2*v - 20 = -4*o. Let w be q(o). Let a = -41 - -49. What is the highest common divisor of a and w?
8
Let b be (-4)/8 - 454/(-4). Let o = b - 77. Calculate the greatest common factor of o and 18.
18
Suppose 26*j - 42 = 23*j. Calculate the highest common factor of 56 and j.
14
Let i be 5 + 14 - 3 - -5. Calculate the highest common factor of i and 42.
21
Suppose 145 + 121 = 14*k. Calculate the greatest common divisor of 152 and k.
19
Suppose 5*c - 115 - 45 = 0. Let o = -2 - -5. Suppose -o*t - t = -32. What is the greatest common divisor of c and t?
8
Let z be -6*13*10/(-30). What is the greatest common divisor of z and 39?
13
Let j = 2 - 2. Suppose -2*k + 3*k = j. Suppose k = 3*h - h + 3*n - 45, -3*h = 2*n - 65. Calculate the greatest common factor of 14 and h.
7
Let a(l) = -l**2 + 4*l - 1. Let z be a(3). Let u be (6/z)/(1/(-3)). Let o(h) = h + 10. Let n be o(u). What is the highest common divisor of n and 9?
1
Let x(w) = w**2. Let b be x(-2). Suppose -198 = -2*m - 2*n + 4*n, -b*m = -5*n - 397. Calculate the highest common divisor of m and 14.
14
Suppose c - 5 = -2, -3*c - 9 = -2*w. What is the highest common factor of 1 and w?
1
Let i = 82 - 69. Suppose -5*c - 2*y = -132, c - y - 25 = -0*y. Calculate the highest common factor of c and i.
13
Suppose -5*c + 3*o - 1 - 4 = 0, 5*c - 4*o = -10. Calculate the greatest common factor of c and 2.
2
Let h(s) = 97*s**2 - 2*s + 1. Let p be h(1). What is the greatest common factor of p and 12?
12
Let a = -86 - -137. Calculate the highest common factor of 255 and a.
51
Let c = 41 + -21. Let x = -333 - -337. What is the greatest common divisor of c and x?
4
Suppose -2*h + 28 = 4. Let y be h/(-8) - 10/(-4). What is the highest common factor of y and 1?
1
Suppose -5*g + 2*d + 51 = 0, -4*d + 0*d = 5*g - 63. What is the highest common factor of g and 99?
11
Suppose 8 = p - 145. What is the highest common factor of p and 17?
17
Let n = -114 + 182. Let p = 50 - 33. What is the greatest common divisor of n and p?
17
Let i be 3/6*10*1. Suppose 5*n - 360 = -5*y, 6*y - 240 = 3*y + i*n. What is the highest common divisor of y and 15?
15
Let z(q) = q - 11. Let x be z(8). Let c be 3 + (3 - (-12 + x)). Let f = -4 + 7. What is the highest common divisor of c and f?
3
Let t(z) = -z**3 + 6*z**2 - 3*z - 4. Let k be t(5). Suppose 2*p - k = 24. Let w(h) = -2*h - 3. Let x be w(-4). What is the highest common divisor of p and x?
5
Let g(z) = 4*z**3 - 4*z**2 + 3*z + 3. Let t be g(3). Calculate the greatest common factor of 12 and t.
12
Suppose b - 8 = -0*l - 4*l, 0 = -4*l + 3*b + 24. Let k(u) = u**3 + 4*u**2 - 2*u - 3. Let y be k(-3). What is the greatest common divisor of y and l?
3
Suppose -3*p + 5*m = 49, -2*p - 2*m = -3*p - 17. Let l = -3 - p. What is the greatest common factor of l and 2?
2
Let y(k) = -k + 7. Let w be y(0). Suppose -g = 4*f - 28, 5*f - 2*f = -5*g + 21. Let o = f + w. What is the highest common divisor of 56 and o?
14
Suppose 51 = 12*u + 5*u. Let g be (1/(-2))/((-4)/48). What is the highest common divisor of g and u?
3
Let g = 7 + -4. Let f = g + -1. Let o be (-109)/(-2) + 1/f. Calculate the highest common divisor of 5 and o.
5
Suppose -2*m - 3*p - 2*p = -6, 2*p = 4*m - 36. Calculate the highest common divisor of m and 56.
8
Suppose 2*f = -0*f + 88. Let g = f - 26. Calculate the highest common factor of 6 and g.
6
Suppose -3*v = 6*v - 495. Calculate the highest common factor of 22 and v.
11
Suppose l = -3 - 7. Let h = l - -21. Calculate the highest common divisor of 77 and h.
11
Let j(u) = -u - 3. Let o be j(-8). Let x(v) = v**3 - 5*v**2 + 2*v - 2. Let b be x(o). What is the greatest common factor of 1 and b?
1
Let m be (57/6)/((-1)/(-2)). What is the highest common factor of m and 57?
19
Let w be 15*(-2 + (5/15 - -3)). What is the greatest common divisor of 100 and w?
20
Suppose 34 = 2*h - 4*f, 39 = 3*h - 0*h - 2*f. Calculate the highest common factor of 44 and h.
11
Suppose -y + 1 = -24. Let x be 50/(-15)*105/(-2). What is the highest common divisor of x and y?
25
Let r(k) = 32*k + 5. Let w be r(8). What is the highest common divisor of w and 29?
29
Suppose 42 = w + 2*w. Calculate the greatest common factor of 7 and w.
7
Let i be (3/(-6))/((-2)/572). Suppose 5*k - 25 = -0, q - 3*k - 4 = 0. Suppose -q = 5*d - 84. What is the greatest common divisor of i and d?
13
Let o(i) = -i**3 + 12*i**2 + 20*i - 19. Let a be o(13). What is the highest common factor of 18 and a?
18
Let s(b) = -b**2 - 10*b. Let y be s(-7). Let d be 36/y*(-21)/(-2). What is the highest common divisor of d and 3?
3
Let q be 14/(-3)*(17/(-1) + -1). What is the highest common factor of q and 28?
28
Let l = 37 - 22. Calculate the greatest common factor of 5 and l.
5
Let v = -24 - -28. Let b(g) = 7*g**2 - g + 13. Let x be b(v). Calculate the highest common factor of x and 11.
11
Suppose 27 = -5*j - 5*p + 117, 5*p + 36 = 4*j. What is the highest common factor of j and 154?
14
Suppose 12 = 3*w - 36. Suppose -j + 3*j - w = 0. What is the greatest common divisor of j and 4?
4
Let m be -3 + -1 - (-45)/1. What is the highest common divisor of 246 and m?
41
Let v(k) = 6*k**3 - k**2. Let h be v(-1). Let d = h + 11. Suppose -4*b - 16 + 48 = 0. Calculate the greatest common divisor of d and b.
4
Let x = 118 + -73. Let a = -3 - -6. Let z = a + 2. What is the highest common factor of x and z?
5
Let x = 11 + -10. Let t(z) = -4*z - x + 10*z**2 + 5*z**2 + 2*z. Let p be t(-1). Calculate the greatest common factor of 16 and p.
16
Let f = 20 - 2. What is the highest common divisor of f and 90?
18
Let b = 60 - 51. What is the highest common factor of b and 207?
9
Suppose 6 = 2*m + 2. Suppose m*p + 73 = 185. What is the highest common divisor of p and 14?
14
Suppose -n - 2*n + 6 = 0. Suppose 13 = n*v + 5. Let z = 32 + -20. Calculate the highest common factor of z and v.
4
Let y = -31 + 53. Suppose 0 = -3*m + y + 98. Let t be (-5)/(-2)*(10 - (7 - 21)). Calculate the highest common factor of m and t.
20
Let n(r) = -3*r + 23. Let m be n(6). Suppose -180 = -5*c - 4*i, -c + 6*c + 5*i = 175. What is the highest common factor of c and m?
5
Suppose -4*p - 4*w = 0, 4*p - 3*w + 14 = 42. Suppose n - 5*n + p = 0. What is the greatest common divisor of n and 7?
1
Suppose -2*b + 5*s = -12, -s - 2*s = 5*b - 61. Let q be ((-110)/20)/(2/32*-2). Calculate the greatest common divisor of q and b.
11
Suppose 40*q + 1008 = 43*q. Calculate the highest common factor of q and 21.
21
Let g(b) = -b**2 + 11*b + 2. Let c be g(4). What is the greatest common divisor of 60 and c?
30
Suppose -x - 3 + 6 = 0. What is the highest common divisor of 1 and x?
1
Suppose -2*n + 3*u = -3*n - 13, 15 = -5*n - 5*u. Let k be (n/(-6) - 1)*-18. Calculate the highest common divisor of 72 and k.
24
Let i(o) = -8*o - 11. Let v be i(-3). Calculate the highest common factor of v and 52.
13
Suppose g - 4 = 4. Let q = -18 - -22. Let t be (2 + g)/(1/q). Calculate the highest common divisor of 5 and t.
5
Let u(l) = 2*l**3 - 6*l**2 - 5*l - 3. Let h be u(5). Calculate the highest common factor of h and 36.
36
Suppose -4*q + 52 = -28. Calculate the highest common divisor of 4 and q.
4
Suppose -n - 18 = -7*n. Let q(b) = b**2 - 4*b - 2. Let u be q(5). Calculate the greatest common factor of u and n.
3
Let m(k) be the third derivative of 5*k**4/8 + 3*k**2. Let b be m(2). Let i be (-50)/(-8) - (-5)/(-20). Calculate the highest common factor of i and b.
6
Let x be ((-6)/(-3))/(-2) + -186. Let w be (-2)/(-3) - x/3. What is the greatest common factor of 7 and w?
7
Let o = -4 - -6. Suppose -f + 83 = -o*z, f + z = -3*z + 77. Calculate the greatest common factor of 54 and f.
27
Let a(t) = t**3 - 17*t**2 - 19*t + 22. Let x be a(18). Calculate the greatest common factor of x and 10.
2
Let l be (0 + 1)*(-8)/(-8). Let a(h) = 17*h + 1. Let c be a(l). What is the highest common divisor of 6 and c?
6
Let l be -2 - (1/(-1) + 8). Let k be (-27)/(-6)*(-12)/l. Calculate the greatest common divisor of k and 6.
6
Let t(y) = -y**3 + 9*y**2 + 2*y - 11. Let w 